1657 composite?
True
Is 6722399521 composite?
False
Is 228102818465 composite?
True
Is 5483092663 composite?
True
Is 3651304249 prime?
False
Is 17340318883 composite?
False
Is 755050321 a prime number?
False
Is 22069133 a prime number?
True
Is 583566169 a composite number?
True
Is 126658174 composite?
True
Is 359260938831 composite?
True
Is 8926526423 prime?
True
Is 15080114461 composite?
True
Is 428273567 a composite number?
False
Is 3227015653 prime?
True
Is 1148821801 a prime number?
False
Is 4263338279 composite?
True
Is 687514969 a composite number?
True
Is 2799929911 composite?
True
Is 2970606617 a prime number?
False
Is 33984919 a prime number?
True
Is 11383055069 prime?
False
Is 854799667 a prime number?
True
Is 1428255967 a prime number?
True
Is 603967148035 composite?
True
Is 2397731207 prime?
True
Is 1157461213 a prime number?
True
Is 1918709543 a prime number?
True
Is 50110259 a prime number?
False
Is 1331295701 prime?
True
Is 15206853919 prime?
True
Is 166990697 a composite number?
False
Is 2558013901 composite?
False
Is 10470947233 a composite number?
False
Is 633702077 a composite number?
False
Is 9281325887 a composite number?
True
Is 41735610811 prime?
True
Is 1034384993 composite?
True
Is 54207229753 composite?
False
Is 1999187167 composite?
False
Is 253672409 composite?
True
Is 31133852777 a composite number?
False
Is 2485326049 composite?
False
Is 3998799283 composite?
False
Is 4857649319 prime?
True
Is 84101161 prime?
False
Is 40627088479 a composite number?
False
Is 116596957 a prime number?
True
Is 1475685283 a composite number?
False
Is 21505588439 a composite number?
False
Is 258537659 prime?
True
Is 408085313 prime?
True
Is 37982783753 prime?
False
Is 2695585573 composite?
True
Is 122082664465 composite?
True
Is 6068308171 a composite number?
False
Is 260144459 composite?
True
Is 926660069 composite?
False
Is 267406481 prime?
False
Is 500100407 a composite number?
True
Is 6450551713 composite?
False
Is 939392501 prime?
False
Is 14968344421 a composite number?
True
Is 47721575521 prime?
True
Is 6089071427 a prime number?
True
Is 5863400363 a prime number?
False
Is 5461807097 a composite number?
True
Is 325108247 a prime number?
False
Is 21260461601 a composite number?
False
Is 30659952593 prime?
True
Is 2487628009 a composite number?
False
Is 2237390791 a prime number?
False
Is 5483848373 a prime number?
False
Is 5329601899 a composite number?
True
Is 389489687 a prime number?
False
Is 2062024331 composite?
True
Is 9265326757 a prime number?
False
Is 111193421 a composite number?
False
Is 18901114307 a prime number?
False
Is 50023346273 a prime number?
False
Is 337763389 a composite number?
False
Is 230875217 prime?
True
Is 6757040497 a composite number?
False
Is 10112177531 a prime number?
False
Is 7166749 prime?
True
Is 4227960559 composite?
True
Is 1162974058 a composite number?
True
Is 2871959261 a composite number?
False
Is 128953367 a composite number?
False
Is 2618811281 a prime number?
False
Is 1912259515 prime?
False
Is 108786007 a composite number?
True
Is 5153433151 prime?
False
Is 4352283994 a composite number?
True
Is 293775948715 prime?
False
Is 49094011079 prime?
True
Is 953334649 a composite number?
True
Is 290029867 a composite number?
True
Is 2454663703 prime?
True
Is 13817260481 composite?
False
Is 14214330929 composite?
False
Is 2829824273 composite?
False
Is 682288837 a prime number?
True
Is 850632083 prime?
False
Is 60126407203 a prime number?
True
Is 5500704967 a composite number?
True
Is 1253835551 a composite number?
True
Is 10230242173 prime?
False
Is 38088867847 a prime number?
True
Is 342447827 a composite number?
True
Is 229070753 prime?
True
Is 2127525653 a prime number?
False
Is 144895989079 a composite number?
False
Is 723232645 a prime number?
False
Is 8110524377 a prime number?
True
Is 40127257481 a composite number?
False
Is 2587653923 prime?
True
Is 22593481 a composite number?
True
Is 140798459977 a prime number?
False
Is 148905144517 a composite number?
True
Is 65701848371 a composite number?
True
Is 79213717799 a composite number?
False
Is 382281359 prime?
False
Is 6927370883 prime?
False
Is 2131914991 composite?
False
Is 3802312726 prime?
False
Is 2736035859 prime?
False
Is 49450111391 prime?
False
Is 7179973991 a prime number?
True
Is 5333786717 composite?
True
Is 5865214603 prime?
False
Is 213996011 a prime number?
False
Is 34448867729 prime?
False
Is 908854777 a prime number?
False
Is 2140887013 a composite number?
True
Is 946796843 prime?
False
Is 481369663 prime?
True
Is 83755592363 prime?
True
Is 142651887221 prime?
True
Is 6240354577 a composite number?
True
Is 1884493763 a composite number?
False
Is 742212179 prime?
True
Is 4594477333 a prime number?
False
Is 619009789 prime?
True
Is 593256997 a prime number?
False
Is 337519386913 prime?
True
Is 34303352999 composite?
True
Is 2738578981 prime?
False
Is 77480174381 composite?
True
Is 179898839 prime?
True
Is 801733579 a composite number?
False
Is 107612857433 prime?
False
Is 384033781 a composite number?
True
Is 1737185141 a prime number?
True
Is 6967084699 a prime number?
True
Is 4458055433 prime?
False
Is 2315479379 a prime number?
True
Is 788011373 a prime number?
True
Is 30363382802 prime?
False
Is 25556358731 a composite number?
False
Is 205848913 a composite number?
True
Is 1188469979 composite?
False
Is 11227469597 a composite number?
True
Is 487169210051 a prime number?
True
Is 83134257203 prime?
False
Is 337814929 a composite number?
True
Is 1510026067 composite?
True
Is 3027358973 a composite number?
True
Is 21443105051 prime?
True
Is 480722061 a composite number?
True
Is 612510917 a prime number?
False
Is 9531660893 a composite number?
True
Is 581127571 a prime number?
False
Is 37723206341 prime?
False
Is 2701965913 prime?
True
Is 398276983 a prime number?
False
Is 1823723159 prime?
False
Is 748191295 prime?
False
Is 2115554803 a prime number?
True
Is 85620886097 composite?
False
Is 4191994627 composite?
False
Is 2906570591 a prime number?
True
Is 785224157 a composite number?
False
Is 1580041181 prime?
False
Is 1656561931 composite?
False
Is 157958100689 composite?
True
Is 18761582531 prime?
True
Is 2564599121 a composite number?
True
Is 934735367 a composite number?
True
Is 165747077857 a composite number?
False
Is 6725807917 prime?
False
Is 306562831 a prime number?
False
Is 1585404889 prime?
True
Is 12248509901 a prime number?
True
Is 2572919981 a prime number?
True
Is 67664172343 a prime number?
True
Is 8475971521 prime?
True
Is 3849462017 a prime number?
False
Is 3260928337 a composite number?
True
Is 17367125977 prime?
False
Is 790813189 prime?
False
Is 2408341849 composite?
True
Is 6953434201 composite?
True
Is 999428527 composite?
True
Is 1310409967 a prime number?
True
Is 486675613 composite?
False
Is 732610577 a prime number?
True
Is 4283313547 a composite number?
True
Is 722996221 a composite number?
False
Is 2031401081 a composite number?
True
Is 22866684977 composite?
False
Is 384405401 prime?
True
Is 11721443857 composite?
False
Is 3663635747 a prime number?
True
Is 1439981819 a composite number?
True
Is 22865659273 composite?
True
Is 1718800927 prime?
False
Is 60365583959 prime?
True
Is 367943413 prime?
True
Is 993990817 prime?
False
Is 1117603639 a prime number?
False
Is 7172203553 prime?
False
Is 32597341 a prime number?
False
Is 17071952617 a prime number?
False
Is 5628875443 composite?
False
Is 9630971983 composite?
False
Is 17075481131 prime?
True
Is 7611912233 a composite number?
False
Is 11041757963 composite?
False
Is 3684569261 a composite number?
True
Is 470032459753 composite?
False
Is 1002330631 composite?
True
Is 3638134711 a composite number?
False
Is 1101738349 a prime number?
True
Is 176409199 a prime number?
True
Is 339281166989 prime?
True
Is 25929679 prime?
True
Is 3591121955 prime?
False
Is 579683723 composite?
False
Is 402122117 a composite number?
False
Is 588405341 prime?
True
Is 11213722855 composite?
True
Is 8902723589 composite?
False
Is 3175980803 prime?
False
Is 2283416801 a prime number?
False
Is 23894730821 prime?
False
Is 3031610957 a composite number?
True
Is 423089137 a prime number?
False
Is 107195633 prime?
False
Is 11404031278 a prime number?
False
Is 3346